ose 2*q + 2 = t, -w*t - 2*t - 3*q + 8 = 0. Calculate the remainder when l is divided by t.
1
Let v = 94 + -20. What is the remainder when v is divided by 19?
17
Suppose 0 = 2*f + 2*f - 68. Suppose 0 = -v + 1 + 31. What is the remainder when v is divided by f?
15
Suppose 2*r - 4*r = 10. Let j be (21 - 1)*(-5)/r. Suppose -3*n = 2*n - j. What is the remainder when 7 is divided by n?
3
Suppose -5*o + 19 = 2*n, 2*n = 3*o + n - 18. Calculate the remainder when (-2)/3*(o + -50) is divided by 8.
6
Let t = -31 - -37. Let n = 14 + 7. What is the remainder when n is divided by t?
3
Suppose -84 = -4*d + 2*v, 2*d - 5*v = 16 + 18. Calculate the remainder when d is divided by 8.
6
What is the remainder when (-247)/(-19) - 3*4/6 is divided by 9?
2
Let i(p) = -5*p - 15. Let c(b) = -2*b - 3 + b - 3*b. Calculate the remainder when i(-13) is divided by c(-5).
16
Suppose 46 = 2*x - x. Calculate the remainder when x is divided by (1 + 0)*(-7)/(28/(-96)).
22
Calculate the remainder when 67 is divided by 34/(-1)*(-8)/16.
16
Let c = 3 + -1. Let h be (-55)/c - 6/12. Let j = -7 - h. Calculate the remainder when j is divided by 11.
10
Let c be (-2)/(-6) + (-2)/(-3). Let a = 6 + c. Suppose 0 = -2*i - i + 54. Calculate the remainder when i is divided by a.
4
Let s(f) = f**3 + 3*f**2 - 6*f - 4. Let z be s(-4). Suppose 3*c = c - 3*x + 5, 3*c + z*x - 9 = 0. What is the remainder when c is divided by 5?
2
Let t = -27 - -23. What is the remainder when 17 is divided by (12 + -10)/(t/(-10))?
2
Calculate the remainder when 79 is divided by ((-27)/4)/((-3)/12).
25
Let c be 20/2*(-108)/(-15). Suppose -3*b + c = b - 5*l, 5*b - 4*l - 90 = 0. What is the remainder when b is divided by 7?
4
Let t(f) = f**3 - 4*f**2 + 2*f + 5. What is the remainder when 24 is divided by t(4)?
11
Let g(t) = -t + 16. Let n be (2/(-4))/(1/(-14)). What is the remainder when 33 is divided by g(n)?
6
Suppose 0*z + 13 = z. What is the remainder when 38 is divided by z?
12
Let n = 66 - 44. What is the remainder when n is divided by 12?
10
Suppose -4*c + 2*b = -6, -5*b = -2*c - 1 - 16. Suppose -4*n = -k - 4*k, 0 = -5*n + k + 21. What is the remainder when n is divided by c?
1
Suppose 38 = y + 20. Calculate the remainder when 71 is divided by y.
17
Suppose 5*l + f = -2*f + 26, -4*f + 24 = 4*l. Let r(m) be the first derivative of -m**3/3 + 5*m**2/2 + 2*m - 2. What is the remainder when r(4) is divided by l?
2
Suppose -2*f = 5*d - 36, 86 = 4*f + 6*d - 3*d. Calculate the remainder when f is divided by 7.
2
Let y = -32 + 14. Let c = 19 + y. What is the remainder when 2 is divided by c?
0
Suppose 0*u = 2*u - 6. Suppose 0 = -0*f - u*f + 21. Calculate the remainder when (-4)/3*(-45)/3 is divided by f.
6
Let s be (3 - 4)/(2/2). What is the remainder when 33 is divided by (-8 - s)*(-84)/49?
9
Let w(z) = -z**3 + 5. Let o be w(0). Suppose -o*h = -h - 128. What is the remainder when h is divided by 11?
10
Let g be 2/11 + (-516)/(-66). Suppose v - g = 13. Calculate the remainder when 40 is divided by v.
19
Suppose 6 = r + 2*r. Let x = 11 + -7. Suppose 15 - x = 5*p - 2*q, -p - 11 = 4*q. What is the remainder when r is divided by p?
0
Suppose -k + 2*l = 2, -4*l = 4*k - 16 - 24. What is the remainder when 15 is divided by k?
3
Suppose 2*d + 11 = -5*v - 7, 2*d - v = -18. Let p(o) = -o + 8. What is the remainder when 65 is divided by p(d)?
14
Suppose -2*o + 3*u + 199 = 0, -490 = -3*o - 2*o + 5*u. Calculate the remainder when o is divided by 33.
29
Suppose 0 = m + m - 10. Calculate the remainder when 12 is divided by m.
2
Suppose 0 = 3*n - n - 64. What is the remainder when n is divided by 17?
15
Let o(q) = -6*q - 7. Let u(x) = 5*x + 6. Let w(c) = 4*o(c) + 5*u(c). Suppose -4*l + l = 0. Calculate the remainder when 4 is divided by w(l).
0
Let i = 13 + 25. What is the remainder when i is divided by 13?
12
Let y(s) = -s**3 - 5*s**2 - 6*s - 10. Calculate the remainder when y(-6) is divided by 32.
30
Let r = 7 - 3. Suppose 5*h - 2*w = -226, -4*h + 9*h = r*w - 222. Let z = h - -78. Calculate the remainder when z is divided by 11.
10
Let t = 7 - -5. Let v(l) = 5*l - 3. Calculate the remainder when v(5) is divided by t.
10
Let i = -7 - -10. Let z be 26*1*3/6. Suppose 3*s = 3*p + 36, 0 = s - 0*s + 4*p + z. What is the remainder when s is divided by i?
1
Calculate the remainder when (-5)/((-15)/99) + 0 is divided by 9.
6
Let l(q) = 3*q. Let w be l(1). Suppose w*s = 3*r + 18, -2 - 1 = r. What is the remainder when ((-8)/(-3))/(3/9) is divided by s?
2
What is the remainder when 55 is divided by (2/(-2))/((-12)/228)?
17
Let x(y) = -y**3 + 12*y**2 + y - 7. Let q(r) = r**3 + 7*r**2 - r - 5. Let g be q(-7). Let l = g - -16. What is the remainder when l is divided by x(12)?
3
Let j = -9 - -18. Suppose 0*v - j = -3*r + 3*v, -5*r - 35 = 5*v. Let k = 7 - r. Calculate the remainder when 16 is divided by k.
7
Let h be (-224)/(-42) + (-1)/3. Suppose x - 4*x = a - 26, -10 = -h*x. Calculate the remainder when 38 is divided by a.
18
Suppose -10 = 2*v - 62. Calculate the remainder when v is divided by 9.
8
Suppose 12 = 4*s - 3*s. Let p(x) = -x - 13. Let d be p(9). Calculate the remainder when (d/8)/((-1)/8) is divided by s.
10
Suppose -9*q + 11*q = 106. What is the remainder when 205 is divided by q?
46
Let q(m) = -m**3 - 19*m**2 + 19*m - 9. Calculate the remainder when 14 is divided by q(-20).
3
Suppose -c + 4 = -4. Let f = c - 6. What is the remainder when 3 is divided by f?
1
Let i = -13 - -1. Calculate the remainder when 21 is divided by (i/(-9))/(1/6).
5
Let b(c) = 3*c + 10. Calculate the remainder when b(28) is divided by 32.
30
Let b = 13 + -13. Suppose b*c = -3*c + 39. What is the remainder when c is divided by 8?
5
Suppose 3*d = -o + 2*o + 6, 4*o = -2*d - 10. Let g be (5*d)/(8/(-16)). What is the remainder when 33 is divided by ((-68)/g)/(-2)*-5?
16
Let x(h) = h**2 - 15*h - 16. Calculate the remainder when 69 is divided by x(17).
15
Suppose -5*a = -22 - 18. Let c(z) = z + 1. Let x(n) = 6*n**2 + 3*n + 2. Let w(i) = -c(i) + x(i). What is the remainder when a is divided by w(-1)?
3
Let i = -15 + 20. Suppose -i*o + 58 = -7. Calculate the remainder when 38 is divided by o.
12
Let l = 38 - -42. Let k = 123 - l. What is the remainder when k is divided by 22?
21
Let q(r) = 3*r**2 - 1. Let t be q(-1). Suppose -12 = -2*a - t*a. What is the remainder when 13 is divided by a?
1
Suppose 0 = 2*j - 3*j + 6. Suppose -j*o = -2*o + 24. Let l = 15 + o. What is the remainder when 25 is divided by l?
7
Suppose -28 = -2*x + 3*j, 3*x - j - 12 - 30 = 0. Suppose 28 = 3*b - 5*u, x = 3*b - 2*b + 3*u. Calculate the remainder when 40 is divided by b.
7
Let i = 3 + 0. Suppose -i = -q + 12. Calculate the remainder when 72 is divided by q.
12
Let m = 58 + -20. What is the remainder when m is divided by 14?
10
Let j = -30 + 61. Let s = 41 + -30. What is the remainder when j is divided by s?
9
Let u(v) = 2*v**3 + v**2 + v - 1. Let k be u(1). Suppose -3*x + 57 = k. Calculate the remainder when x is divided by (102/(-12) + 5)*(-40)/14.
8
Let f = 176 + -99. What is the remainder when f is divided by 16?
13
Let b(y) = 6*y + 2 + 6*y - 3. Let w be b(3). Suppose -c + w = 4*c. Calculate the remainder when 12 is divided by c.
5
Let p = -5 + 9. Suppose 10 = p*g - 14. What is the remainder when 11 is divided by g?
5
Let h(k) = 13*k - 2. What is the remainder when 69 is divided by h(2)?
21
Suppose i - 4*i = -9. What is the remainder when i is divided by 2?
1
Suppose 0*r + 4*r - 48 = 0. What is the remainder when 4 + 26 - (-8 - -4) is divided by r?
10
Suppose -6*t = -2*t - 196. Suppose 5*y = t - 4. Calculate the remainder when 16 is divided by y.
7
Let m = -22 + 66. Calculate the remainder when m is divided by 15.
14
Suppose -32 = -3*r + 1. Suppose -3*s - 2*s = 0. Let f = 20 + s. What is the remainder when f is divided by r?
9
Let a = -3 + 12. Suppose a*f - 8 = 7*f. Calculate the remainder when 5 is divided by f.
1
Let x = -1 + -5. Let j = -5 - x. Let t(i) = 2*i**2 - i + 1. What is the remainder when t(j) is divided by 1?
0
Let v be (2 + 142)*(-3)/6. What is the remainder when 69 is divided by ((-3)/(-6))/((-2)/v)?
15
Let k be (8/6)/(3/(-9)). Let r be k/10 + (-321)/(-15). Let g = 53 - r. Calculate the remainder when g is divided by 11.
10
Suppose 2*d = 8*d. Suppose g + d*g - 13 = 0. Calculat